y (-23)/(-7) - 4/14?
2
Let l be 8/((2 + 0)/(-1)). Let g(v) = -14*v - 7. Calculate the remainder when g(l) is divided by 26.
23
Let o(m) = -8*m - 11. Let c(s) = -4*s - 5. What is the remainder when o(-5) is divided by c(-5)?
14
Suppose 0*l = l - 11. Let f = l - 6. Calculate the remainder when f is divided by 2.
1
Suppose -8 = -2*k + 4. Suppose 0 = 4*a - 31 - 1. Calculate the remainder when (-4)/k - 213/(-9) is divided by a.
7
Let d(z) = -5*z + 2. Let u be d(-2). Suppose -y + 5*c + 1 = 0, -5*c = -4*y - c + 84. What is the remainder when 16 is divided by 1/(y/u - 2)?
4
Suppose 5*t - 175 = -3*o, -4*t - 2*o = -32 - 106. What is the remainder when t is divided by 11?
10
Suppose -5*u - 10 = 0, -3*i + 7 = -2*i - 2*u. Suppose 0 = -z + 2 + i. What is the remainder when 19 is divided by z?
4
Calculate the remainder when (-1 - 86/(-4))*2 is divided by (1/1)/(7/98).
13
Suppose 3*a - 44 + 56 = 0, 5*a = -i - 7. What is the remainder when 2*(0 + 26) - 1 is divided by i?
12
Suppose 3*o - 15 = 0, -3 + 2 = s - 5*o. What is the remainder when (92/3)/((-6)/(-9)) is divided by s?
22
Suppose 123 = 2*q + w + 21, 4*q - 5*w - 218 = 0. What is the remainder when q is divided by 14?
10
Let v be (-3)/(-1 - (-24)/15). Let w(k) = -k + 1. Calculate the remainder when 16 is divided by w(v).
4
Suppose -10*m + m = -639. What is the remainder when m is divided by 26?
19
Suppose -6*v - 32 = -2*v. Let p = v - -11. Suppose -5*k = 4*y - 8, -2*k - y = -2 - 3. What is the remainder when k is divided by p?
1
Let q(r) = 48*r + 3. Let y be q(4). Suppose -2*x - 21 = -y. Calculate the remainder when x is divided by 22.
21
Suppose 4*k - 228 = -2*k. Calculate the remainder when 111 is divided by k.
35
Let q = -13 - -23. What is the remainder when 19 is divided by q?
9
Let z(q) = -5*q + 4. Calculate the remainder when 69 is divided by z(-4).
21
Suppose -116 = -2*v + 4*g, 3*g = 5*v - 2*g - 300. Calculate the remainder when v is divided by 22.
18
Suppose 5*n - 2*q - 72 + 26 = 0, 0 = 2*n + 3*q - 26. Calculate the remainder when 19 is divided by n.
9
Let q(u) = 13*u + 46. Calculate the remainder when 25 is divided by q(-3).
4
Let j(b) = -b**2 - 6*b - 3. Let i be j(-6). Let g(d) = 6*d**2 + 1. Let q be g(i). Suppose 8*l = 3*l + q. What is the remainder when l is divided by 4?
3
Let p(t) = -t**3 + 5*t**2 + 5*t + 8. Let k be p(6). Suppose 2 + 2 = k*x. Suppose 0*r + x*r = 28. Calculate the remainder when 40 is divided by r.
12
Let i = 32 + -62. Let c be (-102)/i - 4/10. Suppose -c*m - 151 = -5*n, 3*n - 8*m - 97 = -3*m. What is the remainder when n is divided by 15?
14
Let u = 39 - 33. Let p(n) = -2*n + 2 - n**3 + 0 + 0*n**3 - 7*n**2. Calculate the remainder when p(-7) is divided by u.
4
Let u = 26 + -50. Calculate the remainder when (-12)/u - (-121)/2 is divided by 21.
19
Suppose -4*z + 5*w = -150, 0 = z + 2*w - 31. What is the remainder when z is divided by 19?
16
Suppose f + 20 = 6*f, -3*b = -3*f - 249. Suppose 3*h + 11 - 101 = 0. What is the remainder when b is divided by h?
27
Let c(s) = -2*s + 9. Let t be c(8). Let d = t + 29. Calculate the remainder when 62 is divided by d.
18
Let q(a) = 3*a**2 - 15*a - 15. What is the remainder when 166 is divided by q(8)?
52
Let x = 55 - 53. Suppose 0 = -4*b - 3*s - 26, b + 0*b + 13 = -4*s. Let a = x - b. What is the remainder when a is divided by 4?
3
Let d = -8 + 17. Let x(t) = t - 5. Let p be x(6). Let u = 4 + p. What is the remainder when d is divided by u?
4
Let y(s) = 6*s + 3. Let g = 6 + -2. Let z be y(g). Let m = z - 13. What is the remainder when 41 is divided by m?
13
Let m be -44*((-2)/4 - 0). What is the remainder when (22/3)/(m/33) is divided by 6?
5
Let a = -142 - -165. Let f = 2 - -10. Calculate the remainder when a is divided by f.
11
Let s = 103 + -1. What is the remainder when s is divided by 35?
32
Let c(z) = 2*z**3 - 5*z**2 + 4*z + 1. Let u(t) = -t**3 - 10*t**2 - 10*t - 9. Let s be u(-9). Let f = s + 3. Calculate the remainder when 43 is divided by c(f).
21
Let m = -24 + 70. Suppose -3*j + 0*j = -48. Calculate the remainder when m is divided by j.
14
Calculate the remainder when 2182/18 - (-2)/(-9) is divided by (3/((-9)/(-93)))/1.
28
Let o(g) be the first derivative of g**5/60 - g**4/12 - g**3 - 3. Let a(p) be the third derivative of o(p). What is the remainder when 5 is divided by a(2)?
1
Suppose 12*o - 14*o = -40. Calculate the remainder when 38 is divided by o.
18
Let g = -14 + 67. Let m(v) = -v**3 + 12*v**2 + 14. Calculate the remainder when g is divided by m(12).
11
Let s = 302 + -275. Let z = -3 - -5. Calculate the remainder when s is divided by 32/z + -2 + 0.
13
Let j(f) = f**2 + 4*f - 2. Let w be j(3). Let z = 31 - w. Calculate the remainder when 34 is divided by z.
10
Suppose -5*b = -0*b + 20. Let p = b + 14. Suppose 0 = -4*c - 26 + 138. Calculate the remainder when c is divided by p.
8
Suppose -q + 14 - 5 = 0. Calculate the remainder when q is divided by 3.
0
Let m(w) = 6*w - 4 + 2 + 3. What is the remainder when m(9) is divided by 19?
17
Let n(s) = -7*s - 8. Let l(t) = 4*t + 4. Let u(i) = 10*l(i) + 6*n(i). What is the remainder when 7 is divided by u(-6)?
3
Let w(x) = 6*x**3 - 2*x**2 + x. Let n be ((-4)/(-5))/(8/500). Suppose o - 1 = 4*p - n, -2*p + 5*o = -11. What is the remainder when p is divided by w(1)?
3
Let y be (3 + (2 - 5))/(-1). Let q = y - -3. What is the remainder when 11 is divided by q?
2
Suppose 3*w = -3*o + 3, 2*o - 14 = -0*o + 4*w. Suppose -3*f + 3*r - 7*r = -14, -4*f + 4*r = 0. Let u = f + o. What is the remainder when 9 is divided by u?
4
Let u = 39 - 23. Suppose 0*q + 181 = 4*q - s, 44 = q + s. Calculate the remainder when q is divided by u.
13
Let z(t) = 8*t - 9. Calculate the remainder when z(6) is divided by 21.
18
Let i be (-86)/6 - 8/(-24). Let m = i + 17. Suppose 0 = 5*c - 30 - 10. Calculate the remainder when c is divided by m.
2
Let p(t) = -2*t - 10. Calculate the remainder when 37 is divided by p(-9).
5
Suppose -4*k - 24 + 0 = 0. Let t = 23 - k. Let o = t + 14. Calculate the remainder when o is divided by 15.
13
Let x be -3 + 3 + 3 + 0. Suppose -5*n = 3*p - p - 95, -3*p = -5*n - 205. Suppose 2*s = -x*s + p. What is the remainder when 23 is divided by s?
11
Let m(l) = -3*l**3 + 2*l**2 - 2*l + 1. Let w be m(1). Let r(b) = -4*b**3 - b**2 + b + 1. What is the remainder when r(w) is divided by ((-4)/10)/((-1)/35)?
13
Suppose 2*s + 3 - 9 = 0. Calculate the remainder when 12/8*10/3 is divided by s.
2
Calculate the remainder when (0 - -2)/((-24)/(-852)) is divided by 12.
11
Suppose -2*j - 5*s = -190, 5*j + 2*s = 6*s + 409. What is the remainder when j is divided by 23 + (3 - 2 - 2)?
19
Suppose -4*g - 3*w = 8, -7 + 1 = 3*g + 3*w. Suppose -11 = -3*r + 2*m + 2*m, 3*r - 47 = -5*m. What is the remainder when (g/(-6))/(1/51) is divided by r?
8
Let u = -2 + 5. What is the remainder when u is divided by ((-2)/5)/((-8)/20)?
0
Let p(i) = i**2 + 16*i + 22. What is the remainder when 25 is divided by p(-15)?
4
Let d = 40 - 25. Calculate the remainder when d is divided by 3.
0
Let s(t) = -3*t - 5. Let q = -26 - -28. Calculate the remainder when s(-4) is divided by q.
1
Let w = 35 - 24. Suppose 2*z = 2*r - 3*z - 8, -2*r - 2*z = -8. Suppose -r*c + 78 = -2. Calculate the remainder when c is divided by w.
9
Let f(j) be the third derivative of 5*j**4/12 + j**3 - j**2. Let a be f(5). Let h = a - 24. What is the remainder when h is divided by 11?
10
Let m be 4 + 3 - (-1 + 1). Suppose -g + m = -2. What is the remainder when 24 is divided by g?
6
Let g = -1 - 0. Let p = g - -3. Suppose 3*k = -p*t + 4*k + 65, 0 = 4*t - k - 135. What is the remainder when t is divided by 12?
11
Let c be 7 + 0 + 0 + 0. Let h(x) = 4 - 1 - x**3 + 6*x**2 - 7 - 5 + 9*x. Calculate the remainder when 9 is divided by h(c).
4
Suppose -5*u - 5*q - 5 = 0, 3*q + q = 5*u - 13. Calculate the remainder when 23 is divided by 1 - -6*(u - -1).
10
Let q(x) = x**3 + 6*x**2 - 9*x - 2. What is the remainder when q(-6) is divided by (-5 + 11 - 3)*6?
16
Let w = 4 - 10. Let s = -2 - w. Calculate the remainder when s is divided by 2.
0
Let y be (4/6)/(5/15). Suppose y*m - 14 = 16. Calculate the remainder when 29 is divided by m.
14
Let a = 10 - 7. Let f(k) = -6*k**2 - 2*k + 8*k - 5*k**a - 4 + 4*k**3 + 0*k**3. What is the remainder when 9 is divided by f(-7)?
0
Suppose 